uate 29 - (-4 + -7 + 23) - 3.
14
What is the value of (-46 - -52) + (22 - 3)?
25
Calculate 3 + (-7 + 2 + 1 + 18 - 1).
16
What is the value of (-1 - 10) + (16 - 24 - -27)?
8
-1 + -11 - (-15 + 27 + -14)
-10
Evaluate (-18 - -16) + (-5 - -10) + -7.
-4
Calculate (3 - (0 - -20)) + 110 + -100.
-7
What is the value of -2 + 0 - (25 + (-29 - -23) - 40)?
19
What is the value of -78 - -84 - (1 - -14)?
-9
What is -3 + 1 + (-4 - -1) - (36 + -34)?
-7
What is the value of (25 - (-23 + 21)) + -24?
3
Calculate -6 + 7 + 4 - (17 + -14).
2
3 + (-21 - (98 + -104 - (1 - 11)))
-22
What is the value of -10 + (22 - 6 - 9)?
-3
What is the value of 13 + (-11 + (3 - -3) - 4)?
4
Evaluate -21 + (-3 - -24 - -2).
2
Evaluate (-19 - -15 - 3) + (-12 - 0).
-19
Calculate (1 - 11) + (1 - (3 + 0 - 0)).
-12
What is the value of -12 - (-8 + (11 - 0) + -10) - -37?
32
-17 + -1 + 5 + 0 - (4 + -10)
-7
Evaluate 3 + (11 - 26) + 31 + -14.
5
Evaluate 1 + (7 - 2 - (14 + (-17 - -12))).
-3
Evaluate (-2 - 14 - (52 - 56)) + 0 + -21.
-33
Calculate -8 + (10 - (-10 - -11 - -5)).
-4
What is the value of (15 - (-17 + 34)) + -8 + -5?
-15
Calculate 5 - ((-54 - -62) + -41 + 1).
37
Evaluate -2 + (-17 - (-22 - 3)).
6
What is the value of 12 - (3 + -1 + 5 + -1 + -4)?
10
What is 8 - 2 - (40 - 27)?
-7
What is 7 + -3 + -7 + 15?
12
Calculate (9 - 21) + -8 + 8.
-12
What is the value of (-9 - (6 - 9)) + (-19 - (-2 + -11))?
-12
Evaluate -8 - ((48 - 36) + -23).
3
What is 1 + -10 - (-170 - -155)?
6
Calculate -15 - -23 - (0 + -2 + 6).
4
What is the value of -3 - (1 + 0 + 1 - -5)?
-10
What is the value of -12 + (7 + 30 - 6) + -16?
3
Calculate (-15 + 9 - -13) + -19 + 32.
20
Calculate -12 + (-23 + 39 - -9).
13
Calculate (-2 - 1 - ((25 - -3) + -35)) + -19.
-15
What is the value of -11 + (10 - (5 - -4))?
-10
What is -2 + -1 + 36 + -31 - (0 + 15)?
-13
What is the value of 21 + (2 - 5) + -209 + 223?
32
Calculate 2 + -1 + (23 - 46) + 33.
11
8 - (-24 + (11 - (-7 + 7) - 2))
23
Calculate -31 + (-21 - (-35 + -2)).
-15
What is the value of 18 - 0 - (-3 + (2 + 1 - 1))?
19
What is the value of 23 + -41 + 42 + 0 + -2?
22
43 + -6 + -36 + 19
20
Evaluate -14 + -23 + 20 + 21.
4
Calculate (1 - 7) + (-32 - 1 - -30).
-9
What is the value of 15 - (7 - (-7 - -26 - 8))?
19
What is the value of 2 + -11 + (-1 - -25) - 8?
7
Evaluate 1 - (8 + -24 + 14).
3
What is the value of 97 - 79 - (-1 + -1 - (0 + -2))?
18
89 + -104 + (11 - 4 - 17)
-25
Calculate 17 + -11 + -1 + (2 - -5).
12
0 - ((8 - 14) + 16)
-10
Calculate 1 - 24 - (12 - 28).
-7
Evaluate (1 - 1 - 3) + -829 + 838.
6
-1 - (-1 + (4 - 9)) - -5
10
What is -12 + (-12 - -18) - (-7 - 0) - 30?
-29
What is 5 - (-15 - (8 + -2 - (18 - 16)))?
24
What is the value of -25 + 29 - 18 - -19?
5
Evaluate (-8 + 1 - (72 + -76)) + -5.
-8
What is (1 - 14) + 8 + -3 + -2?
-10
Calculate -45 - -36 - (-12 + -1).
4
What is the value of (40 - (0 + 34)) + -29?
-23
Calculate -21 - ((6 - 10) + -5 + -3 + 7).
-16
Calculate 212 - 219 - (1 - -1 - (-2 - -7)).
-4
What is (-2 - (0 - 7)) + (-1 - 5)?
-1
2 + -10 + (1 + -29 - -36)
0
Calculate 10 - (8 + (-6 - -7) + -8).
9
Evaluate -8 - (9 - (2 - -7)) - 3.
-11
Evaluate 4 + -7 + (-3 - -1).
-5
Evaluate (8 - ((-9 - -13) + 4)) + 3.
3
-13 + 3 - (-10 - ((0 - 16) + -3))
-19
What is the value of (-1 - 20) + -1 - (1 + (-15 - -23))?
-31
What is the value of 4 - 6 - (7 - ((3 - -2) + -4))?
-8
What is the value of 2 + 6 + -15 + 7 + -4?
-4
(-3 - (-6 + 0) - 5) + -11
-13
0 - 8 - (-5 + 2) - -7
2
What is the value of (-21 - (-41 + 21 + -29)) + -1 + -11?
16
Evaluate 6 + (6 - (-4 - -6)) - 17.
-7
What is 0 + -1 + 0 - (242 + -232) - -1?
-10
Evaluate -10 + 6 + (-8 - (9 + -10 + -9)).
-2
What is the value of 4 + 17 + -8 + -52 + 12?
-27
What is the value of (0 - -1) + 16 + (-81 - -88) + -6?
18
What is (-1 - 0) + (2 - 0) - (9 + 3)?
-11
Evaluate -2 + 8 + (8 - (-4 - -17)).
1
Calculate -10 - (-18 - (-2 + -15) - (-11 - -2)).
-18
Calculate -18 + (20 - -2) - (3 + -3 + 25).
-21
What is -23 - (-20 + 8 + 8)?
-19
What is the value of -7 + (-2 - -1) - -20?
12
(12 - ((6 - 9) + 7 + -5)) + 8
21
Calculate 18 + 0 + (-90 - -82).
10
0 + (26 - -1) - (12 + 4 + -15)
26
What is 27 + -6 + -21 + 2?
2
What is the value of -13 + -17 + 23 - (4 + (2 - 2))?
-11
Calculate 35 + 1 - (-136 - -142) - 10.
20
Calculate -8 + (-14 - -15 - 9) - -25.
9
What is -5 + (12 - 4 - 19)?
-16
Evaluate 2 + -3 + -5 + -6 + 9.
-3
Calculate 3 + 2 - 6 - (-17 + 7 - -18).
-9
16 - 39 - (-1 + -8)
-14
Evaluate -908 + 908 + 1 + -13.
-12
Evaluate 1 - -12 - (736 - 740).
17
Evaluate -3 - (-2 + 3) - (9 - 12).
-1
Calculate -2 + -6 - (1 + -9).
0
What is the value of (-19 - 12 - 9) + 22?
-18
Evaluate 1 + 6 + (-9 + 9 - -2) + 5.
14
5 + -16 + 0 - -16 - -2
7
What is the value of (4 - 1) + 8 - (5 + (-15 - -7))?
14
What is (3 - (15 - 18)) + -4?
2
What is the value of (8 - -2) + (0 - 0)?
10
-113 + 147 - (16 + -3)
21
Calculate 13 + (-15 - 3 - 4).
-9
Calculate 5 + 10 + (17 - 24).
8
-5 + 5 + 6 + 5
11
1 - (6 - (3 - 1)) - (-21 + 3)
15
What is the value of (1 - (-2 + -13)) + -10 - (3 + -1)?
4
Evaluate -25 + (0 - -2) + (32 - (27 + 4)).
-22
-4 + -2 + (5 - (-10 - -2))
7
What is the value of -17 + 7 + 10 + 21?
21
Evaluate -208 - -207 - (-3 + (-2 - -7) - -3).
-6
Calculate (0 - (-1 + -1)) + (136 - 130).
8
Evaluate -12 + (0 - -6 - 1) + -8.
-15
What is the value of -22 - (5 + -13 + 5 + 5)?
-24
386 - 364 - (-3 - -2)
23
What is the value of (-2 - 1) + -9 - (-40 - -25)?
3
72 - (2 - 2 - -35)
37
Evaluate (-21 - -22) + (4 - (-2 - -4)) + -1.
2
Evaluate 1 + 0 + (3 - (2 + 5)).
-3
What is (29 - 31) + 37 + -2?
33
-2 - 2 - 1 - (1 + -10) - 5
-1
Calculate -16 - (-8 + 22 + -12).
-18
What is the value of 3 + (-10 - -4 - -5) + -11?
-9
Calculate 1 - -2 - (6 + -2) - (-9 - -7).
1
What is -8 + (11 - (27 - 16))?
-8
Evaluate -8 - -7 - 10 - (2 + -6).
-7
What is the value of (-26 - -35) + -16 - (3 + -1)?
-9
What is 30 + (-1 - 0 - 12) + 6?
23
Evaluate (3 - -14) + (27 - 0 - 18).
26
Evaluate 12 + (5 - 5) - 20.
-8
Calculate 1 + (-8 - -12) + -18 - (-7 + 2).
-8
What is the value of 0 - 2 - (-6 + (-12 - -9) + 14)?
-7
What is the value of (63 - 29 - 25) + -1?
8
Calculate 715 + -717 + (24 - 0).
22
Calculate (0 - 16) + -7 + 6 + (4 - 5).
-18
Evaluate -17 + 16 - (1 - ((8 - 2) + 0)).
4
-749 - -754 - (0 + -16)
21
(5 - (-3 + 11)) + -2 + (5 - 1)
-1
Calculate -11 + 20 + -1 - (-2 + 2).
8
What is the value of 14 - (-13 - (-10 + -19))?
-2
Calculate -19 + 45 - 6 - 0.
20
5 + -8 + 2 + -6 + -4 + 1
-10
What is the value of 5 + 28 + (-24 - -6)?
15
3022 + -3008 + 0 + (-1 - 18)
-5
-1 + (-4 + 0 - ((17 - 5) + 1))
-18
Calculate -2 + (0 - -11) - (-76 - -60).
25
What is the value of 101 + -97 + 1 + -15?
-10
Calculate 31 + -22 + -4 + 2 + -1 + -6.
0
What is the value of -56 + 40 - (-6 + -1)?
-9
21 - (2 + (8 - (-5 + 20)) + 8)
18
What is the value of 4 - (-8 - (7 + -7 - -3))?
15
-34 + (-7 - (-34 - -18)) - -14
-11
Evaluate -21 + (-14 - (-9 + -6)) + 0 + 6.
-14
Calculate 3 - (-4 + (4 - (-4 - -3))).
2
11 - ((6 - 9) + 10)
4
Calculate -17 - (6 - 1 - 5).
-17
Calculate (0 - (0 - (-7 + 10)) - 6) + -10.
-13
What is (-3 - (-1 + -6)) + (1 - 5 - -9)?
9
1 - (24 + -40) - -8
25
What is the value of 7 - 1 - (-6 - (-12 - (-14 + 9)))?
5
Calculate 33 + -20 + 45 + -23.
35
19 - ((-9 - -2) + 30)
-4
What is -29 + 4 + -21 + 28?
-18
Evaluate -14 + 2 - (-48 + 24 - (-25 - -14)).
1
What is the value of -6 + (1 - ((1 - -4) + (-5 - 3)))?
-2
Calculate (-6 - 3) + 7 + -5 + -1.
-8
Evaluate 16 + -43 + 13 + 0 + 6.
-8
What is the value of 28 - (-7 + 10 + 8 + 4 + -8)?
21
Evaluate 1 + 0 - (-21 + 24 + 8).
-10
What is the value of -17 + 1 - (-750 + 758)?
-24
(-31 - 3) + (145 - 140)
-29
Calculate 7 - (14 + -9 + 17 + 1 + -8).
-8
Calculate -1 + 5 + 398 + -420.
-18
Calculate 16 + -29 - (-20 + 3).
4
What is (-15 - -3) + -29 + 29 + 10?
-2
What is 5 + (-16 - -7 - 3) + -3 + 4?
-6
What is the value of -13 + 59 + -16 + -16?
14
1 + 6 - (-10 + -27 + 40)
4
What is -33 + 41 - (1 - 0) - (-9 - -1)?
15
What is the value of (520 - 524) + -4 + 4 + 0 + 8?
4
What is 3 + (5 - 14 - (11 - 14))?
-3
-21 + (-20 - -17) + 17
-7
(-1 + 0 + -1 - (-35 - -39)) + -6
-12
What is the value of 328 + -335 + -1 + 18 - 33?
-23
20 + (12 - 20) - (6 + 1) - 3
2
Calculate 26 + 14 - (10 - -5) - 5.
20
Calculate 14 - (57 + -38 + 0).
-5
What is the value of (-10 - (-10 + -6)) + -7 - 6?
-7
What is the value of -2 + -2 + -4 + 3 + -7 + 12?
0
-7 + (5 -